{"id":968,"date":"2023-01-26T21:22:45","date_gmt":"2023-01-26T21:22:45","guid":{"rendered":"https:\/\/natursert.com.tr\/p2\/?page_id=968"},"modified":"2023-01-30T21:01:35","modified_gmt":"2023-01-30T21:01:35","slug":"organik-tarim","status":"publish","type":"page","link":"https:\/\/natursert.com.tr\/index.php\/organik-tarim\/","title":{"rendered":"Organik Tar\u0131m"},"content":{"rendered":"\n<h2 class=\"wp-block-heading\"><\/h2>\n\n\n\n<figure class=\"wp-block-image size-large is-resized\"><img loading=\"lazy\" decoding=\"async\" src=\"https:\/\/natursert.com.tr\/wp-content\/uploads\/2023\/01\/12-1024x373.jpg\" alt=\"\" class=\"wp-image-1003\" width=\"1141\" height=\"415\" srcset=\"https:\/\/natursert.com.tr\/wp-content\/uploads\/2023\/01\/12-1024x373.jpg 1024w, https:\/\/natursert.com.tr\/wp-content\/uploads\/2023\/01\/12-300x109.jpg 300w, https:\/\/natursert.com.tr\/wp-content\/uploads\/2023\/01\/12-768x280.jpg 768w, https:\/\/natursert.com.tr\/wp-content\/uploads\/2023\/01\/12-1536x560.jpg 1536w, https:\/\/natursert.com.tr\/wp-content\/uploads\/2023\/01\/12.jpg 1920w\" sizes=\"auto, (max-width: 1141px) 100vw, 1141px\" \/><\/figure>\n\n\n\n<p><\/p>\n\n\n\n<p class=\"has-text-align-center has-medium-font-size\"><strong>ORGAN\u0130K TARIM<\/strong><\/p>\n\n\n\n<p><strong>18.08.2010 tarih ve 27676 say\u0131l\u0131 Organik Tar\u0131m\u0131n Esaslar\u0131 Uygulanmas\u0131na TR Y\u00f6netmeli\u011fine g\u00f6re;<\/strong><\/p>\n\n\n\n<ul class=\"wp-block-list\">\n<li>Organik Bitkisel \u00dcretim,<\/li>\n<\/ul>\n\n\n\n<ul class=\"wp-block-list\">\n<li>Organik Hayvansal \u00dcretim,<\/li>\n<\/ul>\n\n\n\n<ul class=\"wp-block-list\">\n<li>Organik Ar\u0131c\u0131l\u0131k,<\/li>\n<\/ul>\n\n\n\n<ul class=\"wp-block-list\">\n<li>Do\u011fadan Toplama ,<\/li>\n<\/ul>\n\n\n\n<ul class=\"wp-block-list\">\n<li>Organik \u00dcr\u00fcn i\u015fleme, ambalajlama, etiketleme, paketleme, depolama, ta\u015f\u0131ma ve pazarlama kapsamlar\u0131nda kontrol ve sertifikasyon hizmeti vermektedir.<\/li>\n<\/ul>\n\n\n\n<p><\/p>\n\n\n\n<p><\/p>\n\n\n\n<p><\/p>\n\n\n\n<p><\/p>\n\n\n\n<p><\/p>\n\n\n\n<p><\/p>\n\n\n\n<p><\/p>\n","protected":false},"excerpt":{"rendered":"<p>ORGAN\u0130K TARIM 18.08.2010 tarih ve 27676 say\u0131l\u0131 Organik Tar\u0131m\u0131n Esaslar\u0131 Uygulanmas\u0131na TR Y\u00f6netmeli\u011fine g\u00f6re;<\/p>\n","protected":false},"author":1,"featured_media":0,"parent":0,"menu_order":0,"comment_status":"closed","ping_status":"closed","template":"page-templates\/full-width.php","meta":{"footnotes":""},"class_list":["post-968","page","type-page","status-publish","hentry"],"_links":{"self":[{"href":"https:\/\/natursert.com.tr\/index.php\/wp-json\/wp\/v2\/pages\/968","targetHints":{"allow":["GET"]}}],"collection":[{"href":"https:\/\/natursert.com.tr\/index.php\/wp-json\/wp\/v2\/pages"}],"about":[{"href":"https:\/\/natursert.com.tr\/index.php\/wp-json\/wp\/v2\/types\/page"}],"author":[{"embeddable":true,"href":"https:\/\/natursert.com.tr\/index.php\/wp-json\/wp\/v2\/users\/1"}],"replies":[{"embeddable":true,"href":"https:\/\/natursert.com.tr\/index.php\/wp-json\/wp\/v2\/comments?post=968"}],"version-history":[{"count":15,"href":"https:\/\/natursert.com.tr\/index.php\/wp-json\/wp\/v2\/pages\/968\/revisions"}],"predecessor-version":[{"id":1229,"href":"https:\/\/natursert.com.tr\/index.php\/wp-json\/wp\/v2\/pages\/968\/revisions\/1229"}],"wp:attachment":[{"href":"https:\/\/natursert.com.tr\/index.php\/wp-json\/wp\/v2\/media?parent=968"}],"curies":[{"name":"wp","href":"https:\/\/api.w.org\/{rel}","templated":true}]}}