{"id":1067,"date":"2023-01-27T16:31:41","date_gmt":"2023-01-27T16:31:41","guid":{"rendered":"https:\/\/natursert.com.tr\/p2\/?page_id=1067"},"modified":"2023-01-27T16:31:41","modified_gmt":"2023-01-27T16:31:41","slug":"organik-aricilik","status":"publish","type":"page","link":"https:\/\/natursert.com.tr\/index.php\/organik-aricilik\/","title":{"rendered":"Organik Ar\u0131c\u0131l\u0131k"},"content":{"rendered":"<p>GENEL B\u0130LG\u0130LER<\/p>\n<p>Irk se\u00e7iminde, ar\u0131lar\u0131n yerel ko\u015fullara adapte olabilme kapasitesi, dayan\u0131kl\u0131l\u0131klar\u0131 ve hastal\u0131klara kar\u015f\u0131 diren\u00e7leri g\u00f6z \u00f6n\u00fcne al\u0131n\u0131r. Apis mellifera t\u00fcr\u00fcn\u00fcn \u0131rklar\u0131 ve yerel ekotipleri tercih edilir.<\/p>\n<p>Kolonilerin yenilenmesi amac\u0131yla, bu Y\u00f6netmelik h\u00fck\u00fcmlerine uygun olmayan, y\u0131lda % 10 oran\u0131nda ana ar\u0131 ve o\u011ful organik \u00fcretim yap\u0131lan kovanlara, organik \u00fcretim birimlerinden gelen bal pete\u011fi veya temel pete\u011fi ile birlikte yerle\u015ftirilmeleri kayd\u0131yla, al\u0131nabilir. Bu durumda ge\u00e7i\u015f s\u00fcreci uygulanmaz.<\/p>\n<p>Kapasite art\u0131r\u0131m\u0131; kolonilerin b\u00f6l\u00fcnmesi ile veya organik ar\u0131c\u0131l\u0131k yapan di\u011fer i\u015fletmelerden o\u011ful veya kovan al\u0131narak yap\u0131l\u0131r.<\/p>\n<p>Yetkilendirilmi\u015f kurulu\u015ftan izin al\u0131nmas\u0131 kayd\u0131yla, i\u015fletmenin sahip oldu\u011fu konvansiyonel ar\u0131 kolonileri, organik ar\u0131c\u0131l\u0131\u011fa ge\u00e7i\u015f amac\u0131 ile kullan\u0131labilir.<\/p>\n<p>Ge\u00e7i\u015f s\u00fcrecinde, var olan balmumu, organik ar\u0131c\u0131l\u0131ktan gelen balmumu ile de\u011fi\u015ftirilir.<\/p>\n<p>\u00dcretim sezonu sonunda ar\u0131lar\u0131n k\u0131\u015f\u0131 ge\u00e7irebilmesi i\u00e7in kovanlarda yeterli miktarda bal ve polen b\u0131rak\u0131l\u0131r.<\/p>\n<p>Organik ar\u0131c\u0131l\u0131kta ge\u00e7i\u015f s\u00fcreci bir y\u0131ld\u0131r. Ar\u0131c\u0131l\u0131k \u00fcr\u00fcnleri, bu Y\u00f6netmelik h\u00fck\u00fcmlerinin asgari bir y\u0131l uygulanmas\u0131 kayd\u0131yla organik \u00fcr\u00fcn olarak pazarlan\u0131r.<\/p>\n<p>Veteriner t\u0131bbi \u00fcr\u00fcnleri uyguland\u0131\u011f\u0131 zamanlar; aktif farmakolojik madde de dahil \u00fcr\u00fcn\u00fcn tipi, konulan te\u015fhis, dozu, uygulama \u015fekli, tedavi s\u00fcresi ve ilac\u0131n kal\u0131nt\u0131 ar\u0131nma s\u00fcresi kaydedilir ve \u00fcr\u00fcnler organik \u00fcr\u00fcn olarak pazarlanmadan \u00f6nce yetkilendirilmi\u015f kurulu\u015fa bilgi verilir.<\/p>\n<p>\u00dcretim b\u00f6lgesinin 3 km yar\u0131\u00e7ap\u0131 i\u00e7erisinde bulunan nektar ve polen kaynaklar\u0131, organik olarak \u00fcretilen \u00fcr\u00fcnlerden, do\u011fal veya ar\u0131c\u0131l\u0131k \u00fcr\u00fcnlerinin organik olma niteli\u011fini etkilemeyecek bitki \u00f6rt\u00fcs\u00fcnden olu\u015fmal\u0131d\u0131r.<\/p>\n<p>Kovanlar; kirlenmeye yol a\u00e7mas\u0131 muhtemel olan, kent merkezleri, otoyollar, sanayi b\u00f6lgeleri, at\u0131k merkezleri, at\u0131k yakma merkezleri gibi tar\u0131m d\u0131\u015f\u0131 \u00fcretim kaynaklar\u0131ndan uzak olmal\u0131d\u0131r. M\u00fcte\u015febbis bu ko\u015fulun sa\u011flanmas\u0131 i\u00e7in gerekli tedbirleri al\u0131r.<\/p>\n<p>Kovanlar bulunduklar\u0131 yerden ba\u015fka yere yetkilendirilmi\u015f kurulu\u015f bilgisi d\u00e2hilinde ta\u015f\u0131n\u0131r.<\/p>\n<p>Kovanlar \u00e7evreye ve ar\u0131c\u0131l\u0131k \u00fcr\u00fcnlerine risk getirmeyen do\u011fal malzemelerden yap\u0131l\u0131r.<\/p>\n<p>Kovanlar kimyasal boyalarla boyanamaz. Kovanlar propolis, balmumu ve bitki ya\u011flar\u0131 gibi do\u011fal \u00fcr\u00fcnlerle kaplan\u0131r.<\/p>\n<p>Yeni \u00e7er\u00e7eve i\u00e7in balmumu organik \u00fcretim yapan birimlerden sa\u011flan\u0131r. Kovan kapa\u011f\u0131ndan elde edilen balmumu kullan\u0131l\u0131r. Ar\u0131c\u0131l\u0131\u011fa yeni ba\u015fland\u0131\u011f\u0131nda veya ge\u00e7i\u015f s\u00fcrecinde organik olarak \u00fcretilen balmumunun pazarda mevcut olmamas\u0131 durumunda, konvansiyonel balmumu kullan\u0131lmas\u0131na, analizlere dayanarak yetkilendirilmi\u015f kurulu\u015f taraf\u0131ndan izin verilir.<\/p>\n<p>\u00c7er\u00e7eve, kovan ve petekleri zararl\u0131lardan koruma amac\u0131yla, Rodentisitler (sadece tuzaklarda) ve Ek-2\u2019de listelenen \u00fcr\u00fcnler kullan\u0131l\u0131r. Kovanlar\u0131n dezenfeksiyonu i\u00e7in do\u011frudan ate\u015f veya buhar gibi fiziksel uygulamalara izin verilir.<\/p>\n<p>Kovanlar\u0131n ta\u015f\u0131nmas\u0131 s\u0131ras\u0131nda ar\u0131lara stres yaratmaktan ka\u00e7\u0131n\u0131l\u0131r.<\/p>\n<p>Karantina tedbirleri uygulanan ve u\u00e7akla ila\u00e7lama yap\u0131lan alanlarda organik ar\u0131c\u0131l\u0131k yap\u0131lamaz.<\/p>\n<p>Dayan\u0131kl\u0131 uygun \u0131rklar se\u00e7ilir.<\/p>\n<p>&nbsp;<\/p>\n<p>Ana ar\u0131lar\u0131n d\u00fczenli olarak yenilenmesi, herhangi bir anomali tespiti i\u00e7in kovanlar\u0131n sistematik olarak kontrol\u00fc, kovanlardaki erkek ar\u0131 g\u00f6zlerinin kontrol\u00fc, d\u00fczenli aral\u0131klarla malzeme ve te\u00e7hizat\u0131n dezenfekte edilmesi, kirlenmi\u015f maddeler veya kaynaklar\u0131n\u0131n imha edilmesi, balmumunun d\u00fczenli olarak yenilenmesi, kovanlarda yeterli miktarda polen ve bal b\u0131rak\u0131lmas\u0131 gibi hastal\u0131klara kar\u015f\u0131 diren\u00e7 art\u0131r\u0131c\u0131 ve enfeksiyon \u00f6nleyici uygulamalar\u0131n yap\u0131lmas\u0131 gerekir.<\/p>\n<p>&nbsp;<\/p>\n<p>Koruyucu \u00f6nlemlere ra\u011fmen, koloniler hastalan\u0131r veya zarar g\u00f6r\u00fcrse, derhal tedaviye al\u0131n\u0131r, gerekirse koloniler ayr\u0131 kovanlarda izole edilir. Bu Y\u00f6netmeli\u011fe uygun ar\u0131c\u0131l\u0131kta kullan\u0131lacak veteriner t\u0131bbi \u00fcr\u00fcnleri a\u015fa\u011f\u0131daki prensiplere uygun olmal\u0131d\u0131r<\/p>\n<p>&nbsp;<\/p>\n<p>Bakanl\u0131k\u00e7a ruhsatland\u0131r\u0131l\u0131r.<\/p>\n<p>Tedavi edici etkilerinin \u00f6ng\u00f6r\u00fclen tedaviye uygun olmas\u0131 kayd\u0131yla kimyasal bile\u015fimli ila\u00e7lar yerine fitoterapik veya homeopatik tedavi y\u00f6ntemleri kullan\u0131l\u0131r.<\/p>\n<p>Ar\u0131 zararl\u0131s\u0131 Varroa i\u00e7in; formik asit, laktik asit, asetik asit, oksalik asit ve mentol, timol, okaliptol veya kafur kullan\u0131l\u0131r. Bu \u00fcr\u00fcnler kullan\u0131ld\u0131\u011f\u0131nda kolonilere bir y\u0131ll\u0131k ge\u00e7i\u015f s\u00fcreci uygulanmaz.<\/p>\n<p>Sa\u011fl\u0131k veya afet nedenleriyle y\u00fcksek hayvan \u00f6l\u00fcmlerinin olmas\u0131 durumunda ve bu Y\u00f6netmelik h\u00fck\u00fcmlerine uygun kovanlar\u0131n mevcut olmamas\u0131 halinde, ge\u00e7i\u015f s\u00fcrecine tabi olmalar\u0131 kayd\u0131yla, yetkilendirilmi\u015f kurulu\u015f taraf\u0131ndan kovanlar\u0131n yeniden olu\u015fturulmas\u0131na izin verilir.<\/p>\n<p>Organik ar\u0131c\u0131l\u0131kta iklim, co\u011frafi ve yap\u0131sal k\u0131s\u0131tlamalar\u0131n olmas\u0131 durumunda; polinasyon ama\u00e7l\u0131 \u00fcretim i\u00e7in bir m\u00fcte\u015febbis organik \u00fcretim kurallar\u0131n\u0131 yerine getirmesi ve bu Y\u00f6netmelikte kovanlar\u0131n yerle\u015ftirilmesine ili\u015fkin h\u00fck\u00fcmler hari\u00e7 olmak \u00fczere organik ve konvansiyonel ar\u0131c\u0131l\u0131k faaliyetlerini ayn\u0131 i\u015fletmede yapabilir. Bu \u00fcr\u00fcnler organik olarak sat\u0131lamaz.<\/p>\n<p>Bal \u00f6z\u00fc \u00fcretimini engelleyen uzun s\u00fcreli istisnai iklim ko\u015fullar\u0131 veya afet hallerinde ar\u0131lar\u0131n organik bal, organik \u015feker veya organik \u015furupla beslenmesine ya da olu\u015fturulmas\u0131na yetkilendirilmi\u015f kurulu\u015f taraf\u0131ndan izin verilir.<\/p>\n","protected":false},"excerpt":{"rendered":"<p>GENEL B\u0130LG\u0130LER Irk se\u00e7iminde, ar\u0131lar\u0131n yerel ko\u015fullara adapte olabilme kapasitesi, dayan\u0131kl\u0131l\u0131klar\u0131 ve hastal\u0131klara kar\u015f\u0131 diren\u00e7leri g\u00f6z \u00f6n\u00fcne al\u0131n\u0131r. Apis mellifera [&hellip;]<\/p>\n","protected":false},"author":1,"featured_media":0,"parent":0,"menu_order":0,"comment_status":"closed","ping_status":"closed","template":"","meta":{"footnotes":""},"class_list":["post-1067","page","type-page","status-publish","hentry"],"_links":{"self":[{"href":"https:\/\/natursert.com.tr\/index.php\/wp-json\/wp\/v2\/pages\/1067","targetHints":{"allow":["GET"]}}],"collection":[{"href":"https:\/\/natursert.com.tr\/index.php\/wp-json\/wp\/v2\/pages"}],"about":[{"href":"https:\/\/natursert.com.tr\/index.php\/wp-json\/wp\/v2\/types\/page"}],"author":[{"embeddable":true,"href":"https:\/\/natursert.com.tr\/index.php\/wp-json\/wp\/v2\/users\/1"}],"replies":[{"embeddable":true,"href":"https:\/\/natursert.com.tr\/index.php\/wp-json\/wp\/v2\/comments?post=1067"}],"version-history":[{"count":1,"href":"https:\/\/natursert.com.tr\/index.php\/wp-json\/wp\/v2\/pages\/1067\/revisions"}],"predecessor-version":[{"id":1068,"href":"https:\/\/natursert.com.tr\/index.php\/wp-json\/wp\/v2\/pages\/1067\/revisions\/1068"}],"wp:attachment":[{"href":"https:\/\/natursert.com.tr\/index.php\/wp-json\/wp\/v2\/media?parent=1067"}],"curies":[{"name":"wp","href":"https:\/\/api.w.org\/{rel}","templated":true}]}}